{"id":3630,"date":"2025-07-03T16:19:54","date_gmt":"2025-07-03T14:19:54","guid":{"rendered":"https:\/\/www.lafourmiliere-dijon.fr\/?page_id=3630"},"modified":"2026-04-13T11:38:35","modified_gmt":"2026-04-13T09:38:35","slug":"menu-de-la-semaine","status":"publish","type":"page","link":"https:\/\/www.lafourmiliere-dijon.fr\/index.php\/menu-de-la-semaine\/","title":{"rendered":"Menu de la semaine"},"content":{"rendered":"\t\t<div data-elementor-type=\"wp-page\" data-elementor-id=\"3630\" class=\"elementor elementor-3630\">\n\t\t\t\t\t\t\t\t\t<section class=\"elementor-section elementor-top-section elementor-element elementor-element-0cd33c3 page-cantine elementor-section-boxed elementor-section-height-default elementor-section-height-default\" data-id=\"0cd33c3\" data-element_type=\"section\">\n\t\t\t\t\t\t<div class=\"elementor-container elementor-column-gap-default\">\n\t\t\t\t\t<div class=\"elementor-column elementor-col-100 elementor-top-column elementor-element elementor-element-e3963f4\" data-id=\"e3963f4\" data-element_type=\"column\">\n\t\t\t<div class=\"elementor-widget-wrap elementor-element-populated\">\n\t\t\t\t\t\t\t\t<div class=\"elementor-element elementor-element-27fdb99 elementor-widget elementor-widget-text-editor\" data-id=\"27fdb99\" data-element_type=\"widget\" data-widget_type=\"text-editor.default\">\n\t\t\t\t<div class=\"elementor-widget-container\">\n\t\t\t<style>\/*! elementor - v3.8.1 - 13-11-2022 *\/\n.elementor-widget-text-editor.elementor-drop-cap-view-stacked .elementor-drop-cap{background-color:#818a91;color:#fff}.elementor-widget-text-editor.elementor-drop-cap-view-framed .elementor-drop-cap{color:#818a91;border:3px solid;background-color:transparent}.elementor-widget-text-editor:not(.elementor-drop-cap-view-default) .elementor-drop-cap{margin-top:8px}.elementor-widget-text-editor:not(.elementor-drop-cap-view-default) .elementor-drop-cap-letter{width:1em;height:1em}.elementor-widget-text-editor .elementor-drop-cap{float:left;text-align:center;line-height:1;font-size:50px}.elementor-widget-text-editor .elementor-drop-cap-letter{display:inline-block}<\/style>\t\t\t\t<p><strong>Pour d\u00e9jeuner au caf\u00e9-cantine de la Fourmili\u00e8re, rendez-vous du lundi au vendredi de 12h \u00e0 13h45.<\/strong><\/p><p>Except\u00e9 pour les groupes \u00e0 partir de 6 personnes, nous ne prenons pas les r\u00e9servations. Venez librement !<\/p><p><a href=\"https:\/\/www.lafourmiliere-dijon.fr\/index.php\/contact\/\">Quant aux groupes, rendez-vous sur la page contact pour nous \u00e9crire.<\/a><\/p>\t\t\t\t\t\t<\/div>\n\t\t\t\t<\/div>\n\t\t\t\t\t<\/div>\n\t\t<\/div>\n\t\t\t\t\t\t\t<\/div>\n\t\t<\/section>\n\t\t\t\t<section class=\"elementor-section elementor-top-section elementor-element elementor-element-9dc1d7b page-cantine elementor-section-boxed elementor-section-height-default elementor-section-height-default\" data-id=\"9dc1d7b\" data-element_type=\"section\">\n\t\t\t\t\t\t<div class=\"elementor-container elementor-column-gap-default\">\n\t\t\t\t\t<div class=\"elementor-column elementor-col-100 elementor-top-column elementor-element elementor-element-ed058ba\" data-id=\"ed058ba\" data-element_type=\"column\">\n\t\t\t<div class=\"elementor-widget-wrap elementor-element-populated\">\n\t\t\t\t\t\t\t\t<div class=\"elementor-element elementor-element-1cce20b elementor-widget elementor-widget-image\" data-id=\"1cce20b\" data-element_type=\"widget\" data-widget_type=\"image.default\">\n\t\t\t\t<div class=\"elementor-widget-container\">\n\t\t\t<style>\/*! elementor - v3.8.1 - 13-11-2022 *\/\n.elementor-widget-image{text-align:center}.elementor-widget-image a{display:inline-block}.elementor-widget-image a img[src$=\".svg\"]{width:48px}.elementor-widget-image img{vertical-align:middle;display:inline-block}<\/style>\t\t\t\t\t\t\t\t\t\t\t\t<img loading=\"lazy\" decoding=\"async\" width=\"1410\" height=\"2000\" src=\"https:\/\/www.lafourmiliere-dijon.fr\/wp-content\/uploads\/2026\/04\/MENU-DE-LA-SEMAINE-17.png\" class=\"attachment-full size-full\" alt=\"\" srcset=\"https:\/\/www.lafourmiliere-dijon.fr\/wp-content\/uploads\/2026\/04\/MENU-DE-LA-SEMAINE-17.png 1410w, https:\/\/www.lafourmiliere-dijon.fr\/wp-content\/uploads\/2026\/04\/MENU-DE-LA-SEMAINE-17-212x300.png 212w, https:\/\/www.lafourmiliere-dijon.fr\/wp-content\/uploads\/2026\/04\/MENU-DE-LA-SEMAINE-17-722x1024.png 722w, https:\/\/www.lafourmiliere-dijon.fr\/wp-content\/uploads\/2026\/04\/MENU-DE-LA-SEMAINE-17-768x1089.png 768w, https:\/\/www.lafourmiliere-dijon.fr\/wp-content\/uploads\/2026\/04\/MENU-DE-LA-SEMAINE-17-1083x1536.png 1083w\" sizes=\"auto, 100vw\" \/>\t\t\t\t\t\t\t\t\t\t\t\t\t\t\t<\/div>\n\t\t\t\t<\/div>\n\t\t\t\t\t<\/div>\n\t\t<\/div>\n\t\t\t\t\t\t\t<\/div>\n\t\t<\/section>\n\t\t\t\t<section class=\"elementor-section elementor-top-section elementor-element elementor-element-82854f2 elementor-section-boxed elementor-section-height-default elementor-section-height-default\" data-id=\"82854f2\" data-element_type=\"section\" data-settings=\"{&quot;background_background&quot;:&quot;classic&quot;}\">\n\t\t\t\t\t\t<div class=\"elementor-container elementor-column-gap-default\">\n\t\t\t\t\t<div class=\"elementor-column elementor-col-100 elementor-top-column elementor-element elementor-element-435b064\" data-id=\"435b064\" data-element_type=\"column\">\n\t\t\t<div class=\"elementor-widget-wrap elementor-element-populated\">\n\t\t\t\t\t\t\t\t<div class=\"elementor-element elementor-element-37de096 text-cantine elementor-widget elementor-widget-text-editor\" data-id=\"37de096\" data-element_type=\"widget\" data-widget_type=\"text-editor.default\">\n\t\t\t\t<div class=\"elementor-widget-container\">\n\t\t\t\t\t\t\t<h4><strong style=\"color: #ffffff;\">LE SAMEDI, LA FOURMILIERE PASSE EN MODE BRUNCH !\u00a0<\/strong><\/h4><p>Nous vous servons des gourmandises sucr\u00e9es et sal\u00e9es de 11h \u00e0 14h30. <br \/>L\u00e0 encore, la r\u00e9servation n&rsquo;est possible que pour les groupes \u00e0 partir de 6 personnes avec 2 possibilit\u00e9s d&rsquo;horaires : le service de 11h ou celui de 13h. Sinon, venez librement \ud83d\ude0a<\/p>\t\t\t\t\t\t<\/div>\n\t\t\t\t<\/div>\n\t\t\t\t<div class=\"elementor-element elementor-element-812e900 elementor-widget elementor-widget-image\" data-id=\"812e900\" data-element_type=\"widget\" data-widget_type=\"image.default\">\n\t\t\t\t<div class=\"elementor-widget-container\">\n\t\t\t\t\t\t\t\t\t\t\t\t\t\t\t<img loading=\"lazy\" decoding=\"async\" width=\"722\" height=\"1024\" src=\"https:\/\/www.lafourmiliere-dijon.fr\/wp-content\/uploads\/2026\/03\/MENU-BRUNCH-AVRIL-2026-722x1024.png\" class=\"attachment-large size-large\" alt=\"\" srcset=\"https:\/\/www.lafourmiliere-dijon.fr\/wp-content\/uploads\/2026\/03\/MENU-BRUNCH-AVRIL-2026-722x1024.png 722w, https:\/\/www.lafourmiliere-dijon.fr\/wp-content\/uploads\/2026\/03\/MENU-BRUNCH-AVRIL-2026-212x300.png 212w, https:\/\/www.lafourmiliere-dijon.fr\/wp-content\/uploads\/2026\/03\/MENU-BRUNCH-AVRIL-2026-768x1089.png 768w, https:\/\/www.lafourmiliere-dijon.fr\/wp-content\/uploads\/2026\/03\/MENU-BRUNCH-AVRIL-2026-1083x1536.png 1083w, https:\/\/www.lafourmiliere-dijon.fr\/wp-content\/uploads\/2026\/03\/MENU-BRUNCH-AVRIL-2026.png 1410w\" sizes=\"auto, 100vw\" \/>\t\t\t\t\t\t\t\t\t\t\t\t\t\t\t<\/div>\n\t\t\t\t<\/div>\n\t\t\t\t\t<\/div>\n\t\t<\/div>\n\t\t\t\t\t\t\t<\/div>\n\t\t<\/section>\n\t\t\t\t\t\t\t<\/div>\n\t\t","protected":false},"excerpt":{"rendered":"<p>Pour d\u00e9jeuner au caf\u00e9-cantine de la Fourmili\u00e8re, rendez-vous du lundi au vendredi de 12h \u00e0 13h45. Except\u00e9 pour les groupes \u00e0 partir de 6 personnes, nous ne prenons pas les r\u00e9servations. Venez librement ! Quant aux groupes, rendez-vous sur la page contact pour nous \u00e9crire. LE SAMEDI, LA FOURMILIERE PASSE EN MODE BRUNCH !\u00a0 Nous &hellip; <\/p>\n<p class=\"link-more\"><a href=\"https:\/\/www.lafourmiliere-dijon.fr\/index.php\/menu-de-la-semaine\/\" class=\"more-link\">Lire la suite de<span class=\"screen-reader-text\">\u00ab\u00a0Menu de la semaine\u00a0\u00bb<\/span><\/a><\/p>\n","protected":false},"author":1,"featured_media":0,"parent":0,"menu_order":0,"comment_status":"closed","ping_status":"closed","template":"","meta":{"footnotes":""},"class_list":["post-3630","page","type-page","status-publish","hentry"],"_links":{"self":[{"href":"https:\/\/www.lafourmiliere-dijon.fr\/index.php\/wp-json\/wp\/v2\/pages\/3630","targetHints":{"allow":["GET"]}}],"collection":[{"href":"https:\/\/www.lafourmiliere-dijon.fr\/index.php\/wp-json\/wp\/v2\/pages"}],"about":[{"href":"https:\/\/www.lafourmiliere-dijon.fr\/index.php\/wp-json\/wp\/v2\/types\/page"}],"author":[{"embeddable":true,"href":"https:\/\/www.lafourmiliere-dijon.fr\/index.php\/wp-json\/wp\/v2\/users\/1"}],"replies":[{"embeddable":true,"href":"https:\/\/www.lafourmiliere-dijon.fr\/index.php\/wp-json\/wp\/v2\/comments?post=3630"}],"version-history":[{"count":135,"href":"https:\/\/www.lafourmiliere-dijon.fr\/index.php\/wp-json\/wp\/v2\/pages\/3630\/revisions"}],"predecessor-version":[{"id":4159,"href":"https:\/\/www.lafourmiliere-dijon.fr\/index.php\/wp-json\/wp\/v2\/pages\/3630\/revisions\/4159"}],"wp:attachment":[{"href":"https:\/\/www.lafourmiliere-dijon.fr\/index.php\/wp-json\/wp\/v2\/media?parent=3630"}],"curies":[{"name":"wp","href":"https:\/\/api.w.org\/{rel}","templated":true}]}}